.
5087
What is the greatest common factor of 6782676 and 46?
2
Calculate the greatest common factor of 225 and 261084975.
75
What is the highest common factor of 11470 and 138158?
74
What is the greatest common divisor of 5329 and 8058689?
73
What is the highest common factor of 1260 and 26963370?
630
What is the highest common divisor of 59685 and 2829?
69
Calculate the highest common factor of 62154752 and 3348.
124
Calculate the greatest common factor of 365 and 1701331065.
365
What is the greatest common factor of 7065 and 14265?
45
Calculate the highest common divisor of 1798 and 7040472.
62
What is the highest common divisor of 2073702 and 11766?
222
Calculate the highest common factor of 43711893 and 81.
81
What is the highest common divisor of 1226 and 26614621?
613
What is the highest common divisor of 838236 and 291312?
1428
What is the greatest common factor of 11349408 and 4704?
672
What is the highest common factor of 144 and 24234084?
36
Calculate the greatest common divisor of 30155 and 223799.
163
What is the greatest common factor of 48 and 995466?
6
What is the greatest common divisor of 13049327 and 5465?
1093
Calculate the highest common factor of 48958672 and 12152.
1736
What is the highest common factor of 23226 and 33016494?
294
Calculate the highest common divisor of 2019 and 720797806.
673
What is the highest common divisor of 16971477 and 5859?
93
Calculate the highest common divisor of 9431205 and 3675.
105
What is the greatest common divisor of 229043 and 10215?
227
What is the greatest common factor of 161703 and 49437?
27
Calculate the greatest common divisor of 19536021 and 99.
9
What is the greatest common factor of 234474 and 244?
2
Calculate the highest common factor of 63687 and 50232.
897
What is the highest common factor of 98567 and 6671?
7
Calculate the highest common factor of 13572503 and 125011.
839
What is the highest common factor of 1187947449 and 117?
117
Calculate the highest common divisor of 2438734239 and 9.
9
What is the greatest common factor of 475 and 4102225?
25
What is the greatest common divisor of 39 and 6201039?
39
What is the greatest common divisor of 1323 and 30331098?
1323
Calculate the highest common factor of 28 and 41323156.
28
Calculate the highest common divisor of 77438736 and 32.
16
Calculate the greatest common factor of 145 and 515035.
5
Calculate the highest common factor of 252 and 71321040.
252
Calculate the highest common factor of 259730 and 230.
10
Calculate the greatest common divisor of 146433 and 703.
19
Calculate the highest common divisor of 5118848 and 11368.
1624
Calculate the greatest common divisor of 4850 and 9086900.
50
What is the greatest common factor of 1832944 and 102998?
2102
What is the highest common factor of 18 and 6371808?
6
Calculate the highest common factor of 32 and 29361296.
16
What is the greatest common factor of 6680860 and 40?
20
What is the highest common divisor of 1991 and 171990544?
1991
What is the greatest common factor of 7828630 and 40?
10
What is the greatest common factor of 16551 and 26757?
27
What is the greatest common factor of 449006 and 259118?
1978
Calculate the highest common factor of 74823 and 216482.
49
What is the highest common divisor of 1615257 and 2163?
21
What is the greatest common factor of 26 and 10080889?
13
What is the highest common factor of 144782 and 122232?
22
What is the greatest common factor of 43 and 690456203?
43
Calculate the greatest common divisor of 1495555 and 41245.
565
Calculate the greatest common factor of 777 and 2571.
3
Calculate the highest common factor of 2116 and 1891566.
46
Calculate the greatest common divisor of 15138 and 1791126.
18
Calculate the highest common divisor of 12960441 and 3393.
117
What is the highest common divisor of 342 and 3492081?
9
What is the highest common divisor of 150842 and 436606?
398
Calculate the greatest common divisor of 512534 and 21824.
22
What is the highest common divisor of 5857488 and 12096?
3024
What is the highest common divisor of 1305180 and 8?
4
What is the greatest common factor of 40 and 206012?
4
What is the greatest common divisor of 87805116 and 13860?
252
Calculate the greatest common divisor of 96538 and 3234634.
1222
What is the highest common divisor of 7835808 and 56256?
96
Calculate the greatest common factor of 5995994 and 2.
2
Calculate the greatest common divisor of 36803 and 42858509.
2831
What is the greatest common divisor of 19154625 and 13125?
2625
Calculate the highest common factor of 22754 and 184234.
734
What is the highest common divisor of 79072838 and 1027?
1027
Calculate the greatest common factor of 25641 and 17964573.
1221
Calculate the highest common divisor of 11756 and 7632.
4
What is the greatest common factor of 180885 and 63796?
389
Calculate the greatest common divisor of 4470 and 2129061.
447
Calculate the highest common factor of 23484 and 881904.
228
Calculate the highest common divisor of 282460753 and 97589.
4243
Calculate the greatest common divisor of 6576 and 21619696.
2192
What is the greatest common factor of 121 and 404495014?
121
What is the highest common divisor of 138173098 and 966?
322
What is the greatest common factor of 198 and 5978269?
11
What is the highest common divisor of 11195 and 24384949?
2239
Calculate the highest common divisor of 682 and 5300886602.
682
Calculate the highest common divisor of 60395520 and 1176.
24
What is the highest common factor of 468690550 and 186?
62
What is the highest common factor of 102990 and 870?
30
Calculate the greatest common divisor of 18737235 and 231.
33
Calculate the greatest common divisor of 52808 and 585718.
322
What is the highest common divisor of 5451 and 6553919?
1817
Calculate the greatest common factor of 86075 and 70675.
275
What is the highest common factor of 21824 and 84472768?
1984
What is the greatest common factor of 600691 and 157274?
299
Calculate the highest common divisor of 210672147 and 12123.
1347
Calculate the highest common divisor of 1116 and 406592838.
558
What is the greatest common factor of 2590812 and 21942?
414
What is the highest common divisor of 25059396 and 22144?
692
What is the highest common divisor of 76411 and 5418?
43
What is the greatest common divisor of 849291 and 6?
3
What is the highest common factor of 562573 and 8272231?
2189
What is the highest common factor of 17279941 and 1687?
1687
Calculate the highest common factor of 14852561 and 60208.
3763
Calculate the highest common divisor of 12991204 and 73163.
3181
What is the highest common divisor of 121448129 and 3212?
803
What is the highest common factor of 393708 and 547834?
1526
What is the greatest common factor of 271760 and 29455?
215
Calculate the highest common factor of 18592 and 145502.
14
What is the highest common factor of 16037 and 6467?
29
Calculate the greatest common factor of 1757 and 24509397.
251
Calculate the greatest common factor of 995 and 1356122315.
995
What is the highest common divisor of 76 and 1049899036?
76
Calculate the greatest common divisor of 4632 and 36902758.
386
Calculate the highest common factor of 1292 and 7772349.
323
What is the greatest common factor of 29415115 and 610?
305
What is the greatest common divisor of 21 and 2662323?
3
Calculate the highest common divisor of 27 and 187422552.
27
What is the highest common factor of 11979 and 10397409?
363
Calculate the greatest common divisor of 1732471 and 27690.
923
What is the highest common factor of 186944 and 753664?
1472
What is the greatest common factor of 217406 and 52402?
14
What is the highest common factor of 2022 and 15157586?
674
What is the greatest common divisor of 2513981 and 638?
29
Calculate the greatest common factor of 15896649 and 119.
17
What is the highest common factor of 8 and 10156526?
2
Calculate the greatest common factor of 3646983 and 1113.
159
What is the greatest common factor of 2160 and 9424944?
432
What is the greatest common factor of 33 and 5922202?
11
Calculate the highest common factor of 89186431 and 394.
197
Calculate the highest common factor of 16160850 and 150.
150
What is the highest common factor of 57157596 and 243?
27
Calculate the highest common divisor of 1158 and 8204214.
6
Calculate the hig